{"id":5,"date":"2024-11-27T10:05:10","date_gmt":"2024-11-27T10:05:10","guid":{"rendered":"https:\/\/www.icegov.org\/2023\/?page_id=5"},"modified":"2025-04-23T18:27:50","modified_gmt":"2025-04-23T18:27:50","slug":"icegov2023","status":"publish","type":"page","link":"https:\/\/www.icegov.org\/2023\/","title":{"rendered":"ICEGOV2023"},"content":{"rendered":"\n<div class=\"wp-block-group has-white-color has-text-color has-background has-link-color wp-elements-5e2e8bddb065937373eb0f38c2024fa4\" style=\"background-color:#1e441e;padding-top:48px;padding-right:40px;padding-bottom:48px;padding-left:40px\"><div class=\"wp-block-group__inner-container is-layout-constrained wp-container-core-group-is-layout-efd29431 wp-block-group-is-layout-constrained\">\n<div class=\"wp-block-columns is-layout-flex wp-container-core-columns-is-layout-9d6595d7 wp-block-columns-is-layout-flex\" id=\"editions-mobile-view\">\n<div class=\"wp-block-column is-layout-flow wp-block-column-is-layout-flow\" style=\"flex-basis:70%\">\n<h6 class=\"wp-block-heading\">EDITION AND THEME<\/h6>\n\n\n\n<h3 class=\"wp-block-heading has-white-color has-text-color has-link-color wp-elements-8c99545c09726378187aa24e241283c4\">16th International Conference on Theory and Practice of Electronic Governance: Digital Governance for Democratic, Equitable, and Inclusive Societies<\/h3>\n\n\n\n<h5 class=\"wp-block-heading\">Belo Horizonte, Brazil<\/h5>\n\n\n\n<h4 class=\"wp-block-heading\">26 &#8211; 29 September 2023<\/h4>\n<\/div>\n\n\n\n<div class=\"wp-block-column is-vertically-aligned-center is-layout-flow wp-block-column-is-layout-flow\" style=\"flex-basis:30%\" id=\"align-left-img\">\n<div class=\"wp-block-group is-content-justification-center is-nowrap is-layout-flex wp-container-core-group-is-layout-94bc23d7 wp-block-group-is-layout-flex\">\n<figure class=\"wp-block-image size-full is-resized\"><img loading=\"lazy\" decoding=\"async\" width=\"1000\" height=\"316\" src=\"https:\/\/www.icegov.org\/2023\/wp-content\/uploads\/sites\/17\/2024\/11\/cropped-icegov_2023_white.png\" alt=\"\" class=\"wp-image-15\" style=\"object-fit:cover;width:305px;height:98px\" srcset=\"https:\/\/www.icegov.org\/2023\/wp-content\/uploads\/sites\/17\/2024\/11\/cropped-icegov_2023_white.png 1000w, https:\/\/www.icegov.org\/2023\/wp-content\/uploads\/sites\/17\/2024\/11\/cropped-icegov_2023_white-300x95.png 300w, https:\/\/www.icegov.org\/2023\/wp-content\/uploads\/sites\/17\/2024\/11\/cropped-icegov_2023_white-768x243.png 768w\" sizes=\"auto, (max-width: 1000px) 100vw, 1000px\" \/><\/figure>\n<\/div>\n<\/div>\n<\/div>\n<\/div><\/div>\n\n\n\n<div class=\"wp-block-group\"><div class=\"wp-block-group__inner-container is-layout-constrained wp-block-group-is-layout-constrained\">\n<div class=\"wp-block-columns is-layout-flex wp-container-core-columns-is-layout-48a00afe wp-block-columns-is-layout-flex\" style=\"padding-right:40px;padding-left:40px\">\n<div class=\"wp-block-column is-layout-flow wp-block-column-is-layout-flow\" style=\"flex-basis:85%\">\n<div id=\"summary\" class=\"wp-block-group\"><div class=\"wp-block-group__inner-container is-layout-flow wp-block-group-is-layout-flow\">\n<h2 class=\"wp-block-heading\">Summary<\/h2>\n\n\n\n<h3 class=\"wp-block-heading\" id=\"about\">About<\/h3>\n\n\n\n<p>The 16th edition of the International Conference on Theory and Practice of Electronic Governance \u2013&nbsp;ICEGOV 2023 \u2013 returned to South America after the editions of 2009 (Colombia) and 2016 (Uruguay). This time, Brazil was the host country, with the city of Belo Horizonte&nbsp;setting itself up to be the hotspot of Digital Governance between 26-29 September 2023.<\/p>\n\n\n\n<p>This year\u2019s theme focused on Digital Governance for Democratic, Equitable, and Inclusive Societies. Citizen-centric values such as inclusion, participation, engagement, and transparency in government should be at the forefront when it comes to digital governance initiatives. In a networked, globalised, and increasingly data-driven world, in which democracies are put to the test, digital governance continues to play an important role. Citizen-centricity has proven difficult to achieve in practice, and there are challenges and limitations to reaching more democratic, equitable, and inclusive societies through digital governance.<\/p>\n\n\n\n<h3 class=\"wp-block-heading\" id=\"call-for-papers\">Call for Papers<\/h3>\n\n\n\n<p>In response to the Call for Papers (<a href=\"https:\/\/www.icegov.org\/wp-content\/uploads\/icegov23-cfp.pdf\">available for download here<\/a>), the conference received a total of 139 submissions written by 237 authors from 33 different countries. Subsequently, there was a double-blind peer-review process carried out by the Programme Committee (155 people). This review process resulted in 250 reviews and 78 accepted papers, which are published in the conference proceedings.<\/p>\n\n\n\n<h3 class=\"wp-block-heading\" id=\"best-paper-awards\">Best Paper Awards<\/h3>\n\n\n\n<p>The winning papers in each category are shown below. The choices were carried by the&nbsp;<a href=\"https:\/\/www.icegov.org\/edition-2021\/committee\/awards\/\">Awards Committee<\/a>.<\/p>\n\n\n\n<p id=\"best-research-paper\"><strong>Best Research Paper:<\/strong>&nbsp;<\/p>\n\n\n\n<ul class=\"wp-block-list\">\n<li><a href=\"https:\/\/dl.acm.org\/doi\/10.1145\/3614321.3614333\">Digitalization and automation for the sake of IT? Insight from automation initiatives in Swedish municipalities<\/a>, by Daniel Toll, Maria Booth, Ida Lindgren<\/li>\n\n\n\n<li><a href=\"https:\/\/dl.acm.org\/doi\/10.1145\/3614321.3614365\">Aligning UN Goals and Legal Norms in a Case Weighting System: A Case Study on Environmental Crimes in Italy<\/a>, by Vittoria Pistone, Francesco Sovrano, Biagio Distefano<\/li>\n<\/ul>\n\n\n\n<p id=\"best-ongoing-research-paper\"><strong>Best Ongoing Research Paper:<\/strong>&nbsp;<\/p>\n\n\n\n<ul class=\"wp-block-list\">\n<li><a href=\"https:\/\/dl.acm.org\/doi\/10.1145\/3614321.3614357\">Digital public services based on Bourdieu\u2019s theory of practice: a proposal for a conceptual framework<\/a>, by Jo\u00e3o Paulo da Silva, Diana Rodrigues<\/li>\n<\/ul>\n\n\n\n<p id=\"best-short-paper\"><strong>Best Short Paper:<\/strong><\/p>\n\n\n\n<ul class=\"wp-block-list\">\n<li><a href=\"https:\/\/dl.acm.org\/doi\/10.1145\/3614321.3614377\">Citizen-centric and trustworthy AI in the public sector: Cases of Finland and Hungary<\/a>, by Claudia Oliveira, Sara Talpo, Noemie Custers, Emilia Miscena, Edwige Malleville<\/li>\n<\/ul>\n<\/div><\/div>\n\n\n\n<div id=\"statistics\" class=\"wp-block-group\"><div class=\"wp-block-group__inner-container is-layout-flow wp-block-group-is-layout-flow\">\n<h2 class=\"wp-block-heading\" id=\"statistics\">Statistics<\/h2>\n\n\n\n<p><strong>Attendance:<\/strong>&nbsp;269 people<\/p>\n\n\n\n<ul class=\"wp-block-list\">\n<li>Academia: 98 (36%)<\/li>\n\n\n\n<li>Government: 32 (12%)<\/li>\n\n\n\n<li>Industry: 29 (11%)<\/li>\n\n\n\n<li>Civil Society: 16 (6%)<\/li>\n\n\n\n<li>International Organisations: 94 (35%)<\/li>\n<\/ul>\n\n\n\n<p><strong>Gender balance:<\/strong>&nbsp;159 male, 107 female (59% \/ 40%)<\/p>\n\n\n\n<p><strong>Countries:<\/strong>&nbsp;28<\/p>\n\n\n\n<p><strong>Country distribution:<\/strong>&nbsp;17 developed countries, 11 developing countries (61% \/ 39%)<\/p>\n\n\n\n<p><strong>Papers submitted:<\/strong>&nbsp;139<\/p>\n\n\n\n<p><strong>Authors:<\/strong>&nbsp;237 authors from 33 countries<\/p>\n\n\n\n<p><strong>Papers published:<\/strong>&nbsp;78<\/p>\n\n\n\n<p><strong>Acceptance rate:<\/strong>&nbsp;41,7%*<\/p>\n\n\n\n<p><strong>Scholarships awarded:<\/strong>&nbsp;32<\/p>\n\n\n\n<p><strong>Programme Committee:<\/strong>&nbsp;155 members from 39 countries<\/p>\n\n\n\n<p style=\"font-size:9px\">*the acceptance rate includes only full papers.<\/p>\n<\/div><\/div>\n\n\n\n<div id=\"proceedings\" class=\"wp-block-group\"><div class=\"wp-block-group__inner-container is-layout-constrained wp-block-group-is-layout-constrained\">\n<h2 class=\"wp-block-heading\">Proceedings<\/h2>\n\n\n\n<p>#&nbsp;<a href=\"https:\/\/dl.acm.org\/doi\/proceedings\/10.1145\/3614321?tocHeading=heading8\">ICEGOV \u201923: Proceedings of the 16th International Conference on Theory and Practice of Electronic Governance<\/a>:&nbsp;<em>Demi Getschko, Ida Lindgren, Mete Yildiz<\/em>.<\/p>\n<\/div><\/div>\n\n\n\n<div id=\"institutions\" class=\"wp-block-group\"><div class=\"wp-block-group__inner-container is-layout-flow wp-block-group-is-layout-flow\">\n<h2 class=\"wp-block-heading\" id=\"institutions\">Institutions<\/h2>\n\n\n\n<h3 class=\"wp-block-heading\" id=\"patron\">Patron<\/h3>\n\n\n\n<ul class=\"wp-block-list\">\n<li>Prefeitura de Belo Horizonte<\/li>\n<\/ul>\n\n\n\n<h3 class=\"wp-block-heading\" id=\"organisers\">Organisers<\/h3>\n\n\n\n<ul class=\"wp-block-list\">\n<li>Smart City Business America<\/li>\n\n\n\n<li>United Nations University Operating Unit on Policy-Driven Electronic Governance (UNU-EGOV)<\/li>\n<\/ul>\n\n\n\n<h3 class=\"wp-block-heading\" id=\"supporters\">Supporters<\/h3>\n\n\n\n<ul class=\"wp-block-list\">\n<li>Association for Computing Machinery<\/li>\n\n\n\n<li>ABEP-TIC<\/li>\n\n\n\n<li>EDAS<\/li>\n\n\n\n<li>SESC<\/li>\n\n\n\n<li>ICPS<\/li>\n\n\n\n<li>Universidade Federal de Minas Gerais<\/li>\n\n\n\n<li>Departamento de Ci\u00eancias da Comunica\u00e7\u00e3o (UFMG)<\/li>\n<\/ul>\n<\/div><\/div>\n\n\n\n<div id=\"committees\" class=\"wp-block-group\"><div class=\"wp-block-group__inner-container is-layout-flow wp-block-group-is-layout-flow\">\n<h2 class=\"wp-block-heading\" id=\"committees\">Committees<\/h2>\n\n\n\n<h3 class=\"wp-block-heading\" id=\"awards-committee\">Awards Committee<\/h3>\n\n\n\n<p><strong>Tomasz Janowski,&nbsp;<\/strong>Gda\u0144sk University of Technology \u2022&nbsp;<em>Chair<br><\/em><strong>Soon<\/strong>&nbsp;<strong>Ae<\/strong>&nbsp;<strong>Chun,&nbsp;<\/strong>City University of New York<br><strong>Adegboyega<\/strong>&nbsp;<strong>Ojo,&nbsp;<\/strong>Carleton University<\/p>\n\n\n\n<h3 class=\"wp-block-heading\" id=\"programme-committee\">Programme Committee<\/h3>\n\n\n\n<p>Raul ABRIL, European Commission, Belgium<br>Ayman ALARABIAT, Al-Balqa Applied University, Jordan<br>Adil AL-BUSAIDI, Sultan Qaboos University, Oman<br>Laura ALCAIDE MU\u00d1OZ, University of Granada, Spain<br>Olukemi ALUKO, Obafemi Awolowo University, Nigeria<br>Luis \u00c1LVAREZ-SABUCEDO, University of Vigo, Spain<br>Lu\u00eds AMARAL, University of Minho, Portugal<br>Xiaomi AN, Renmin University of China, China<br>Fabiano ANG\u00c9LICO, Universit\u00e0 della Svizzera italiana, Switzerland<br>Wagner ARA\u00daJO, United Nations University (UNU-EGOV), Portugal<br>Hernan ASTUDILLO, Universidad T\u00e9cnica Federico Santa Mar\u00eda, Chile<br>Johanna Ekua AWOTWI, Independent Researcher, Ghana<br>Cenay BABAOGLU, Nigde Omer Halisdemir University, Turkey<br>Sundar BALAKRISHNA, Government of Andhra Pradesh, India<br>Alexandre BARBOSA, Brazilian Network Information Center, Brazil<br>Lu\u00eds Nuno BARBOSA, United Nations University (UNU-EGOV), Portugal<br>Soumaya BEN DHAOU, United Nations University (UNU-EGOV), Portugal<br>Radomir BOLGOV, Saint Petersburg State University, Russia<br>Aymen BOUDEBOUZ, United Nations University (UNU-EGOV), Portugal<br>Milber BOURGUIGNON, Federal University of Rio de Janeiro, Brazil<br>Linda BOWER, Independent Researcher, United States of America<br>Mikhail BUNDIN, Lobachevsky State University of Nizhny Novgorod, Russia<br>In\u00eas CAMPOS RUAS, United Nations University (UNU-EGOV), Portugal<br>Joana CARVALHO, United Nations University (UNU-EGOV), Portugal<br>Jo\u00e3o \u00c1lvaro CARVALHO, University of Minho, Portugal<br>Alejandra CECHICH, Universidad Nacional del Comahue, Argentina<br>Wojciech CELLARY, WSB Merito University in Pozna\u0144, Poland<br>Tao CHEN, Huazhong University of Science and Technology, China<br>Carlos CHES\u00d1EVAR, Universidad Nacional del Sur, Argentina<br>Sunil CHOENNI, Ministry of Justice and Security, Netherlands<br>Soon CHUN, City University of New York, United States of America<br>Flavio CORREA DA SILVA, University of S\u00e3o Paulo, Brazil<br>Maria Alexandra CUNHA, Getulio Vargas Foundation, Brazil<br>Sandra CUNHA, Polytechnic Institute of C\u00e1vado and Ave, Portugal<br>Rahul DE, Indian Institute of Management Bangalore, India<br>Vasiliki DIAMANTOPOULOU, University of the Aegean, Greece<br>Danilo \u0110IKANOVI\u0106, United Nations University (UNU-EGOV), Portugal<br>Eduardo DINIZ, Getulio Vargas Foundation, Brazil<br>Bettina DISTEL, University of M\u00fcnster, Germany<br>Charmaine DISTOR, United Nations University (UNU-EGOV), Portugal<br>B\u00e1rbara DO NASCIMENTO, Rio de Janeiro State Prosecutor\u2019s Office, Brazil<br>Gayatri DOCTOR, CEPT University, India<br>Pietro DOLCI, University of Santa Cruz do Sul, Brazil<br>N\u00e9stor DUCH BROWN, European Commission \u2013 Joint Research Center, Spain<br>D\u00e9bora DUTRA, State University of Rio Grande do Sul, Brazil<br>Elsa ESTEVEZ, Universidad Nacional del Sur, Argentina<br>Olga FILATOVA, Saint Petersburg State University, Russia<br>Pablo FILLOTTRANI, Universidad Nacional del Sur, Argentina<br>Javier G. MARIN, University of Granada, Spain<br>Maria GINTOVA, McMaster University, Canada<br>H\u00e9lder GOMES, University of Aveiro, Portugal<br>Yiwei GONG, Wuhan University, China<br>Maria Paula GONZALEZ, Universidad Nacional del Sur, Argentina<br>Stevan GOSTOJIC, University of Novi Sad, Serbia<br>Dimitris GOUSCOS, National and Kapodistrian University of Athens, Greece<br>Manmohan GUPTA, Indian Institute of Technology Delhi, India<br>Rajan GUPTA, Analyttica Datalab, India<br>Moreen HEINE, University of L\u00fcbeck, Germany<br>Marcia HINO, Positivo University, Brazil<br>Bryan HO, University of Macau, China<br>Jun IIO, Chuo University, Japan<br>Tomasz JANOWSKI, University for Continuing Education Krems, Austria<br>Marijn JANSSEN, Delft University of Technology, Netherlands<br>Zoran JORDANOSKI, United Nations University (UNU-EGOV), Portugal<br>Izabela KAPSA, Kazimierz Wielki University, Poland<br>Arpan KAR, Indian Institute of Technology Delhi, India<br>Paul KARIUKI, University of KwaZulu-Natal, South Africa<br>Naci KARKIN, Pamukkale University, Turkey<br>Fernando KLEIMAN, Delft University of Technology, Netherlands<br>Ralf KLISCHEWSKI, German International University, Germany<br>Panagiotis KOKKINAKOS, National Technical University of Athens, Greece<br>Hiroko KUDO, Chuo University, Japan<br>Mariana LAMEIRAS, United Nations University (UNU-EGOV), Portugal<br>Thomas LAMPOLTSHAMMER, University for Continuing Education Krems, Austria<br>Beatriz LANZA, Inter-American Development Bank, United States of America<br>Mirian LIMA, Federal University of Ouro Prreto, Brazil<br>Galbaatar LKHAGVASUREN, National University of Mongolia, Mongolia<br>Luis LUNA-REYES, University at Albany (SUNY), United States of America<br>Lorenzo MADRID, Smart City Business America Institute, United States of America<br>Larissa MAGALH\u00c3ES, United Nations University (UNU-EGOV), Portugal<br>Aimilia MAGKANARAKI, Ministry of Health, Greece<br>Johan MAGNUSSON, University of Gothenburg, Sweden<br>Ana MAGUITMAN, Universidad Nacional del Sur, Argentina<br>Debendra Kumar MAHALIK, Sambalpur University, India<br>Stanislav MAHULA, KU Leuven, Belgium<br>Manuella MAIA RIBEIRO, Brazilian Network Information Center, Brazil<br>Mercy MAKPOR, United Nations University (UNU-EGOV), Portugal<br>F\u00e1bio MARQUES, University of Aveiro, Portugal<br>Jo\u00e3o MARTINS, United Nations University (UNU-EGOV), Portugal<br>Aleksei MARTYNOV, Lobachevsky State University of Nizhny Novgorod, Russia<br>Rony MEDAGLIA, Copenhagen Business School, Denmark<br>Sehl MELLOULI, Laval University, Canada<br>Harekrishna MISRA, Institute of Rural Management Anand, India<br>Gianluca MISURACA, Universidad Polit\u00e9cnica de Madrid, Spain<br>Isabele MITOZO, Federal University of Minas Gerais, Brazil<br>Lilian MITROU, University of the Aegean, Greece<br>Francesco MUREDDU, Lisbon Council, Belgium<br>Mijail NARANJO ZOLOTOV, NOVA Information Management School, Portugal<br>Niels NETTEN, Ministry of Justice and Security, Netherlands<br>Adegboyega OJO, Carleton University, Canada<br>Ver\u00f3nica ORELLANA-NAVARRETE, Escuela Polit\u00e9cnica Nacional, Ecuador<br>Alexander PAKHALOV, Lomonosov Moscow State University, Russia<br>Charalampos PAPADOPOULOS, Municipality of Kavala, Greece<br>Theresa PARDO, University at Albany (SUNY), United States of America<br>Anna PICCO-SCHWENDENER, Universit\u00e0 della Svizzera Italiana, Switzerland<br>Fernando PINTO, Federal University of Rio de Janeiro, Brazil<br>Vicente PITOGO, Caraga State University, Philippines<br>Luciana PORTILHO, Brazilian Network Information Center, Brazil<br>Dmitry PROKUDIN, Saint Petersburg State University, Russia<br>Erico PRZEYBILOVICZ, United Nations University (UNU-EGOV), Portugal<br>Rui QUARESMA, University of \u00c9vora, Portugal<br>Benjamin ROSETH, Inter-American Development Bank, United States of America<br>Joanna RUDAWSKA, Jan Kochanowski University of Kielce, Poland<br>Mortaza S. BARGH, Research and Documentation Centre, Ministry of Justice and Security, Netherlands<br>Rafael SAMPAIO, Federal University of Paran\u00e1, Brazil<br>Janney Marcela S\u00c1NCHEZ-TORRES, Universidad Nacional de Colombia, Colombia<br>Rodrigo SANDOVAL-ALMAZAN, Universidad Aut\u00f3noma del Estado de M\u00e9xico, Mexico<br>Vitor SANTOS, NOVA University of Lisbon, Portugal<br>Demetrios SARANTIS, United Nations University (UNU-EGOV), Portugal<br>Ay\u015feg\u00fcl SAYLAM, Hacettepe University, Turkey<br>Sven SCHADE, European Commission \u2013 Joint Research Center, Italy<br>Bianca Nardelli SCHENATZ, Federal University of Ouro Preto, Brazil<br>Hendrik SCHOLTA, University of M\u00fcnster, Germany<br>Ecem SEVIN\u00c7 \u00c7UBUK, Adnan Menderes UnProceedingsiversity, Turkey<br>Jo\u00e3o Marco SILVA, University of Minho, Portugal<br>Kerley SILVA, INESC TEC, Portugal<br>Rodrigo SILVA, Mackenzie Presbyterian University, Brazil<br>\u00c9rica SIQUEIRA, Getulio Vargas Foundation, Brazil<br>Delfina SOARES, United Nations University (UNU-EGOV), Portugal<br>Lu\u00eds SOARES BARBOSA, United Nations University (UNU-EGOV), Portugal<br>Ralf-Martin SOE, Tallinn University of Technology, Estonia<br>Kaoru SUNADA, International University of Japan, Japan<br>Leif SUNDBERG, Ume\u00e5 University, Sweden<br>Deniz SUSAR, United Nations Department of Economic and Social Affairs, United States of America<br>Ant\u00f3nio TAVARES, University of Minho, Portugal<br>Lucille TETLEY-BROWN, United Nations University (UNU-EGOV), Portugal<br>Mamello THINYANE, University of South Australia, Australia<br>L\u0151rinc THURNAY, University for Continuing Education Krems, Austria<br>Dmitrii TRUTNEV, ITMO University, Russia<br>Manuel TUPIA, Pontificia Universidad Cat\u00f3lica del Per\u00fa, Peru<br>Luiz VARGAS, Federal University of Rio de Janeiro, Brazil<br>Costas VASSILAKIS, University of the Peloponnese, Greece<br>Jayan VASUDEVAN, Centre for Development of Advanced Computing, India<br>Gabriela VIALE PEREIRA, University for Continuing Education Krems, Austria<br>Lyudmila VIDIASOVA, ITMO University, Russia<br>Shefali VIRKAR, Vienna University of Economics and Business, Austria<br>Gianluigi VISCUSI, Link\u00f6ping University, Sweden<br>Nosheen WARRAICH, University of the Punjab, Pakistan<br>Ronny WEINKAUF, University of Applied Sciences Merseburg, Germany<br>Guilherme WIEDENH\u00d6FT, Federal University of Rio Grande, Brazil<br>Sheng WU, United Nations University (UNU-EGOV), Portugal<br>Tung-Mou YANG, National Taiwan University, Chinese Taipei<br>Mika YASUOKA, Roskilde University, Denmark<br>Mete YILDIZ, Hacettepe University, Turkey<br>Moinul ZABER, United Nations University (UNU-EGOV), Portugal<\/p>\n<\/div><\/div>\n<\/div>\n\n\n\n<div class=\"wp-block-column is-layout-flow wp-block-column-is-layout-flow\" style=\"flex-basis:20%\">        <div class=\"lateral-menu\">\n                            <div class=\"lateral-menu-group\">\n                    <div class=\"lateral-menu-header\">\n                        <div class=\"lateral-menu-title\"><a href=\"#\">ICEGOV 2023<\/a>\n                        <\/div>\n                    <\/div>\n                                    <\/div>\n                            <div class=\"lateral-menu-group\">\n                    <div class=\"lateral-menu-header\">\n                        <div class=\"lateral-menu-title\"><a href=\"#summary\">Summary<\/a>\n                        <\/div>\n                    <\/div>\n                                            <ul class=\"lateral-menu-content\">\n                                                            <li><a href=\"#about\">About<\/a><\/li>\n                                                            <li><a href=\"#call-for-papers\">Call for Papers<\/a><\/li>\n                                                            <li><a href=\"#best-paper-awards\">Best Paper Awards<\/a><\/li>\n                                                    <\/ul>\n                                        <\/div>\n                            <div class=\"lateral-menu-group\">\n                    <div class=\"lateral-menu-header\">\n                        <div class=\"lateral-menu-title\"><a href=\"#statistics\">Statistics<\/a>\n                        <\/div>\n                    <\/div>\n                                    <\/div>\n                            <div class=\"lateral-menu-group\">\n                    <div class=\"lateral-menu-header\">\n                        <div class=\"lateral-menu-title\"><a href=\"#proceedings\">Proceedings<\/a>\n                        <\/div>\n                    <\/div>\n                                    <\/div>\n                            <div class=\"lateral-menu-group\">\n                    <div class=\"lateral-menu-header\">\n                        <div class=\"lateral-menu-title\"><a href=\"#institutions\">Institutions<\/a>\n                        <\/div>\n                    <\/div>\n                                            <ul class=\"lateral-menu-content\">\n                                                            <li><a href=\"#patron\">Patron<\/a><\/li>\n                                                            <li><a href=\"#organisers\">Organisers<\/a><\/li>\n                                                            <li><a href=\"#supporters\">Supporters<\/a><\/li>\n                                                    <\/ul>\n                                        <\/div>\n                            <div class=\"lateral-menu-group\">\n                    <div class=\"lateral-menu-header\">\n                        <div class=\"lateral-menu-title\"><a href=\"#committees\">Committees<\/a>\n                        <\/div>\n                    <\/div>\n                                            <ul class=\"lateral-menu-content\">\n                                                            <li><a href=\"#awards-committee\">Awards Committee<\/a><\/li>\n                                                            <li><a href=\"#programme-committee\">Programme Committee<\/a><\/li>\n                                                    <\/ul>\n                                        <\/div>\n                    <\/div>\n        <\/div>\n<\/div>\n<\/div><\/div>\n","protected":false},"excerpt":{"rendered":"<p>EDITION AND THEME 16th International Conference on Theory and Practice of Electronic Governance: Digital Governance for Democratic, Equitable, and Inclusive Societies Belo Horizonte, Brazil 26 &#8211; 29 September 2023 Summary About The 16th edition of the International Conference on Theory and Practice of Electronic Governance \u2013&nbsp;ICEGOV 2023 \u2013 returned to South America after the editions [&hellip;]<\/p>\n","protected":false},"author":3,"featured_media":0,"parent":0,"menu_order":0,"comment_status":"closed","ping_status":"closed","template":"","meta":{"footnotes":""},"class_list":["post-5","page","type-page","status-publish","hentry"],"_links":{"self":[{"href":"https:\/\/www.icegov.org\/2023\/wp-json\/wp\/v2\/pages\/5","targetHints":{"allow":["GET"]}}],"collection":[{"href":"https:\/\/www.icegov.org\/2023\/wp-json\/wp\/v2\/pages"}],"about":[{"href":"https:\/\/www.icegov.org\/2023\/wp-json\/wp\/v2\/types\/page"}],"author":[{"embeddable":true,"href":"https:\/\/www.icegov.org\/2023\/wp-json\/wp\/v2\/users\/3"}],"replies":[{"embeddable":true,"href":"https:\/\/www.icegov.org\/2023\/wp-json\/wp\/v2\/comments?post=5"}],"version-history":[{"count":4,"href":"https:\/\/www.icegov.org\/2023\/wp-json\/wp\/v2\/pages\/5\/revisions"}],"predecessor-version":[{"id":35,"href":"https:\/\/www.icegov.org\/2023\/wp-json\/wp\/v2\/pages\/5\/revisions\/35"}],"wp:attachment":[{"href":"https:\/\/www.icegov.org\/2023\/wp-json\/wp\/v2\/media?parent=5"}],"curies":[{"name":"wp","href":"https:\/\/api.w.org\/{rel}","templated":true}]}}